e of (-6 - -6 - -8) + -15?
-7
Calculate -9 + (4 - -3) - 4.
-6
Calculate -85 - -76 - (-1 + -16).
8
Evaluate 4 - (-3 - ((1 - -3) + -9)).
2
2 + 2 + -4 + 3 - 2
1
What is 2 + (0 - 4) - -10 - 3?
5
Evaluate 12 + -7 - (-4 - -3).
6
-11 + 9 - (3 + -3 + -2)
0
-7 - (-5 + 1 - (-7 - -3))
-7
What is -6 - -2 - (-3 - (-3 + 1))?
-3
What is 1 + -2 - (-2 + (4 - -2))?
-5
60 + -70 - (-7 - 0)
-3
What is 4 + -1 + 1 + (-4 - 8)?
-8
Calculate 8 + (0 - -4 - 2).
10
Evaluate (1 - 2) + 1 + -42 + 46.
4
Evaluate (0 + 1 - 13) + -6 + 11.
-7
Evaluate -8 + 2 + 0 + 2.
-4
What is the value of 2 - ((-1 - -3) + (-21 - -24))?
-3
Calculate -1 + (-9 - -2 - -5) + 6.
3
(-1 - 3) + 7 + -1
2
What is the value of (-2 - (-6 + 4)) + 4 + -9?
-5
What is -2 + (-1 - (0 - -2))?
-5
What is the value of (-2 - -4 - 4) + (0 - -3)?
1
What is 9 + 2 + (-8 - 9)?
-6
(-9 - 9) + 9 - -12
3
Evaluate (19 - (-1 + 6)) + -8.
6
What is (0 - (3 + -2)) + -5?
-6
What is the value of 79 + -89 - (-11 + 2)?
-1
0 - 1 - -1 - (150 - 158)
8
Calculate 3 - ((3 - 3) + -1 + 7).
-3
1 + -11 + 7 - -8
5
2 + 0 - ((1 - -3) + -2)
0
What is the value of 4 - (12 - 2) - -3?
-3
What is (-17 - -17) + 0 - (1 + -2)?
1
What is 23 + -16 + 0 + -8?
-1
-2 + 1 + -4 + -6 + 13
2
What is 16 + -19 - (-1 + -4)?
2
Evaluate 10 + (-20 - -8 - (0 + -7)).
5
Evaluate (-4 - 5 - -8) + -4.
-5
What is -2 + 2 + (-5 - 0)?
-5
Evaluate -5 + (-12 + 9 - -8).
0
-1 - -2 - (-3 + (-4 - -13))
-5
What is (-6 - 1) + -6 + 11 - 1?
-3
Evaluate 5 + 1 - (6 + -2).
2
What is the value of -23 + 14 - (-6 - -6)?
-9
-9 - (4 + -4 + -4)
-5
What is the value of (2 - (9 - 1)) + (0 - 1)?
-7
Evaluate 0 + -3 - (-3 - (-2 - 2)).
-4
What is the value of 41 + -47 + (-1 - -1)?
-6
Calculate -7 - (0 - (5 - 3)).
-5
0 + 9 - (-64 + 67)
6
What is the value of -1 + (-4 + 8 - (1 - 1))?
3
Calculate -5 - -4 - -4 - 1 - 2.
0
What is the value of 66 - 73 - (-1 - (1 - -9))?
4
-8 + -3 + 4 - -4
-3
Calculate (134 - 137) + 1 + 0.
-2
Evaluate -4 + 0 + 4 + -5.
-5
-2 - (-11 + 9) - (10 + -1)
-9
136 + -142 - (-3 - (-1 - -3))
-1
What is the value of 5 + 3 - (6 - 10 - -10)?
2
Calculate 16 + -13 - (5 + -2).
0
Calculate 3 + (7 + -7 - -1).
4
What is the value of 1 + (-3 - -4) + (-6 - -6)?
2
What is the value of (-25 - -16) + 10 + 4?
5
What is the value of 1 - (5 + -1 - (0 - 0))?
-3
(-2 - -1) + -15 + 11
-5
What is 25 - 20 - (13 - 0) - -3?
-5
Calculate 2 + -10 + 3 + 14.
9
Calculate 2 + -26 + 16 - (-2 - 6).
0
Calculate -4 - (6 + (1 - 7)).
-4
What is 3 - -6 - (-4 - -9)?
4
Evaluate 0 + (2 - 3) - -6.
5
Evaluate 1 - (-4 + -1) - 8.
-2
What is 28 + -22 - (-2 - -4)?
4
What is the value of (1 - (0 - 1) - 1) + 2?
3
What is the value of -16 + (21 - (1 - -10))?
-6
9 - (2 + (7 + -3 - 1))
4
What is the value of (-1 - (0 + 7 - 3)) + 1?
-4
9 - 12 - 4 - -6
-1
(-2 - (-9 + 1)) + 88 + -91
3
Calculate -3 - (-16 + 5 + 4).
4
What is -8 - (0 - 7 - -2)?
-3
Calculate (1 - -1) + 23 + -24 - -1.
2
What is 4 - (7 + -4) - 4?
-3
Calculate -1 + 4 + -9 + 3.
-3
What is the value of -42 + 37 + -3 + 2 + 6?
0
What is the value of 4 - (-3 - (3 + -12) - 2)?
0
What is 22 + -14 - (0 + -3)?
11
What is 11 - (5 + (17 - 9))?
-2
What is (-1 + -6 - (2 + -10)) + -2?
-1
What is the value of -11 + 4 + 9 + (-6 - 2)?
-6
(16 - 4 - 13) + (-2 - 7)
-10
4 - (4 - -1) - -2
1
What is the value of 4 - 4 - (0 - (2 + -6))?
-4
Evaluate 3 + -3 + 2 + -2.
0
Evaluate 8 + -1 - (2 - (-3 - -2)).
4
What is the value of -7 + -14 + 7 + 8?
-6
Evaluate 1 + -3 + (28 - 23).
3
Calculate -6 - (-4 + -10 + 5).
3
What is 3 + (2 - (-3 - -2) - 1)?
5
Evaluate (-14 + 16 - (1 - 4)) + 0.
5
What is the value of 6 + (-1 - 0) + 0 + -2?
3
What is (12 - (6 + 0)) + -2?
4
Calculate -7 + 1 + -11 + 11.
-6
What is the value of 3 - (41 + -51 + 9 + -1)?
5
What is the value of 2 + 2 + 5 + -5?
4
-2 + (-1 - -4) + -3 + -2
-4
(7 - 10) + (-1 - -5)
1
Evaluate -2 - -10 - (4 + 2).
2
What is the value of 3 - (-8 - (1 - (-1 + 8)))?
5
What is the value of -17 - (-8 - -4) - (20 - 23)?
-10
Calculate (-7 - -11) + (-1 - -3).
6
Evaluate 53 + -53 + 4 + 1.
5
What is (17 - 15) + -2 + 0 + 1?
1
Calculate -4 + 4 + (-6 - -12).
6
What is (0 - -3) + 8 + -11 + -3?
-3
Calculate -13 + 12 - (0 - (1 + -1)).
-1
What is the value of 4 - (3 - 3) - 8 - -7?
3
Calculate (0 - 5) + 9 - 10.
-6
5 + -12 + 24 + -22
-5
Evaluate (4 - -5) + (0 - 3).
6
-6 + (-7 - -10 - 0)
-3
Calculate 1 + (10 - (-3 - -7) - 2).
5
Calculate 4 + -8 + (-1 - -5 - 1).
-1
What is (-4 + 2 - 0) + 5?
3
What is the value of 1 - (-1 - 1 - -4)?
-1
What is the value of 1 + 1 - (11 + -8)?
-1
What is the value of -7 + 4 + 4 + 6 - 1?
6
What is -3 + (-1 - -3) - (58 - 61)?
2
What is (7 - -1) + -1 + 8 + -15?
0
3 + (-23 - -27) - (0 + 0)
7
-2 - (-2 + 5 + -1)
-4
Evaluate 1 + -1 - (1 + 0).
-1
What is the value of -3 + (-3 - (-7 + -1))?
2
What is (-6 - -2) + 2 - (-10 - -8)?
0
Evaluate -7 + 22 + (-4 - -10) + -11.
10
Evaluate -2 - (-9 + 6 + 1).
0
Evaluate -1 + (5 + -4 - 4).
-4
What is -3 + 4 + -1 - (-5 - -1)?
4
Calculate 1 + 8 + -6 + -4.
-1
Evaluate 4 + -8 + 7 + -4.
-1
Calculate 1 + 3 + (-15 - -16).
5
What is the value of (10 + -6 - 5) + 15 - 8?
6
Calculate (-6 - (-10 - -11)) + 4.
-3
What is (-6 - -2) + -14 + 18?
0
What is -21 + 20 + -2 + 1 + 0?
-2
What is (1 - 13) + (16 - 13)?
-9
What is -5 + -3 - -1 - (1 + -6)?
-2
-1 + (-6 - -3) - -6
2
What is 7 - 6 - (2 + -3 + 2)?
0
(-16 - -10) + 6 - 7
-7
What is the value of (-4 - -3 - -1) + 1?
1
Calculate -5 + (-2 - -8) - -1.
2
Evaluate 4 + 3 + 3 + -13.
-3
Evaluate 6 + -3 + -4 - 3.
-4
Evaluate 0 + 5 + 4 + -13.
-4
What is the value of (-1 - -3) + -2 + 1 + -5?
-4
Calculate (18 - 10) + -3 - 8.
-3
What is -2 - -3 - -4 - (1 + 2)?
2
What is (0 - 4) + 2 - (16 - 13)?
-5
Evaluate 4 - 7 - (-9 + 3).
3
1 + 5 + -2 - 2
2
Calculate -9 + (3 - 2) + 3.
-5
(10 - 6) + -9 + 7
2
Evaluate -7 - (-4 + 0 - 0) - -8.
5
What is the value of (6 - 0 - 14) + 10?
2
What is the value of 0 - -8 - (-25 - -30)?
3
Evaluate (4 - 0) + (-1 + 0 - 3).
0
What is 7 - (0 - (-9 - -4))?
2
What is 4 - (-1 - 2 - -4)?
3
Calculate 5 - (0 + 5 + -1 + -2).
3
What is 2 + (-5 + -5 - -5)?
-3
(4 - -1) + (20 - 19)
6
What is -19 - (-11 - 0) - -4?
-4
Evaluate (0 + 0 - -7) + (-29 - -25).
3
What is -1 + 1 - (7 + -4)?
-3
Calculate -11 - (-5 - -1) - 5 - -3.
-9
Evaluate -6 + 3 + -2 + -3 + 3.
-5
What is 2 + 0 - (5 - 2 - 3)?
2
(4 - (-1 - -3)) + -3
-1
Calculate (-5 + 10 - 1) + -3.
1
What is the value of 1 + -6 + (-3 + 7 - 2)?
-3
-6 + (-2 - -3) - (-6 - 4)
5
Evaluate 1 + -2 - -4 - (9 - 11).
5
What is the value of 0 + (9 - 16) + 11?
4
Evaluate (-2 + 3 - -6) + -4 + 0.
3
What is the value of -7 + (2 + -3 - (-7 - -2))?
-3
3 + (4 - (4 + 4)) + -3
-4
Evaluate -2 + -9 + 4 + 4.
-3
What is -10 + 4 + (-4 - -5) + -1?
-6
Calculate (-16 - -6) + (-1 - -6).
-5
2 + -64 + 58 + (-1 - -4)
-1
Calculate (-5 - -3) + 1 - 3.
-4
Evaluate 3 - (-6 + 3 + 2 - 1).
5
What is -52 + 43 + (1 - -3) + 1?
-4
What is the value of (-15 - -6) + -5 + (5 - -1)?
-8
What is the value of -2 + 3 + 3 + 3?
7
What is -3 + 16 - (18 - 13)?
8
Calculate (-5 - (7 - 5)) + -4 - -6.
-5
What is -2 - -2 - (4 + -4 - 0)?
0
Calculate (-2 + 6 - (-17 - -17)) + 0.
4
What is the value of 2 + -1 + (-4 - -1) + -2?
-4
What is the value of -1 + 6 + 15 + -18?
2
What is -1 + -6 + (9 + -11 - -5)?
-4
Calculate (-1 - (-2 - 2)) + (-4 - -4).
3
What is the value of -10 + (0 - 0) + (-16 - -21)?
-5
1 - (-6 + 1 + 6 - -5)
-5
Evaluate (-1 - (0 + 3 + 5)) + 2.
-7
What is -11 + (7 + -5 - -5) - -3?
-1
Evaluate (2 - 3 - 0) + -2.
-3
-1 + 3 + -3 + 2
1
Evaluate 5 - (13 + -2 + -1).
-5
Evaluate (-10 - (-4 + (-4 - -4))) + 4.
-2
What is -12 + 28 + -9 - -1?
8
4 + -13 + (16 - 16)
-9
Calculate (-1 + 2 + 2 - -1) + 1.
5
-1 - (-5 + (-6 - (2 + -17)))
-5
Evaluate 9 + (5 - (-12 - -24)).
2
What is the value of -1 + (2 + 0 + -9 - -3)?
-5
(-4 - -1) + (-2 - -1)
-4
Calculate (4 - (0 + 3)) + -2.
-1
What is the value of 9 + (-18 - -11 - 10)?
-8
-3 + 4 + -2 + (-5 - -6)
0
Calculate 0 - -1 - (-2 + 2 - -2).
-1
What is -4 + 0 + 6 + -3?
-1
Calculate (-5 - 1) + 4 - -3.
1
Evaluate 6 - 5 - 4 - (-3 + -1).
1
What is the value of (4 + -3 - 3) + 1 + 3?
2
Evaluate (6 - -1 - (-27 - -36)) + 8.
6
Evaluate (0 - 0 - -3) + 6 + -12.
-3
-4 + 2 - 0 - (7 - 10)
1
Evaluate 2 + (-4 - -4) - -2.
4
Evaluate -3 + 5 + (1 + -6 - -4).
1
Evaluate 2 + (3 - (2 + -1)) - 4.
0
Calculate -1 + (4 - 9 - -2) - -4.
0
What is -3 - (-4 + (5 - 5))?
1
What is the value of 10 + (-7 - -1) + 3 - 6?
1
What is